i(-7).
0
Let j(l) = -2*l - 11 + 18*l - 13*l. Determine j(8).
13
Suppose -2*x + 18 = 6*j - 2*j, 4*x = -3*j + 11. Let t be (x - (-8)/6)*-9. Let p(g) = -g**2 - 3*g - 2. What is p(t)?
-2
Suppose -4*j = 2*f - 4, 0 = f + 4*j - 3*j - 3. Let t(a) be the first derivative of 4*a - 1/3*a**3 + 2*a**2 + 24. Give t(f).
4
Let a(b) be the third derivative of b**6/360 + 3*b**5/40 - b**4/8 + 11*b**3/6 - 22*b**2. Let o(c) be the first derivative of a(c). Determine o(-8).
-11
Suppose -13 = -5*z - 3*w + 9, -5*z = 4*w - 26. Suppose -z*h - 9 = h. Let o(s) be the third derivative of s**6/120 + s**5/15 + s**4/12 - 6*s**2. Determine o(h).
3
Let x be 7 + -5 + -1 + 4. Suppose 16 = 2*k + x*z, -3*z + 5 = k + z. Let o = k - 11. Let b(r) = -2*r**2 + 4*r - 3. Determine b(o).
-3
Let y(k) be the second derivative of -k**4/12 - 5*k**3/3 - 17*k**2/2 + 52*k. Give y(-7).
4
Let w be 57/42 - (-66)/(-77). Let c(n) be the first derivative of -12 + 0*n**2 + 2*n + w*n**4 + 2/3*n**3. Calculate c(-2).
-6
Let o(d) = -11*d**3 - 2*d**2 - 1 + 20*d - 28*d**3 - 36*d + 18*d. What is o(1)?
-40
Let k(d) = -2*d**2 - 3*d - 1. Let z(t) = t**3 - 2*t**2 - 2*t + 1. Let p be z(3). Suppose -p*x - 14 = -2. Give k(x).
-10
Let n(q) be the third derivative of -q**5/60 + 5*q**4/12 + 2*q**3 - 29*q**2. What is n(12)?
-12
Let m(d) be the second derivative of d**5/20 + d**4/6 + d**3/2 + 2*d**2 + 26*d. What is m(-3)?
-14
Let p(c) = -c**3 - 20*c**2 - c - 17. Let s be (20/7)/((-850)/70 - -12). Determine p(s).
3
Let v(r) be the second derivative of -r**5/20 + 5*r**4/12 - r**3/6 - r**2/2 - 112*r. Calculate v(4).
11
Let j(u) = -24*u**2 + u + 1. Let i(t) = -2*t**2 + 32*t - 31. Let o be i(1). Calculate j(o).
-24
Let q(t) = -t**3 + 4*t**2 - 2*t - 1. Let d(j) = -j**3 - 10*j**2 + 1. Let u be d(-10). Suppose -h - 2*r + 7 = -4*r, 4*h - 3*r = 18. Let l = u + h. What is q(l)?
-9
Let a = 248 + -249. Let r(d) = 5*d**2 + 2*d + 1. What is r(a)?
4
Let l(n) = -308690*n + 0*n**3 + 308692*n - 3*n**3 - 2*n**2 - 4. Determine l(-3).
53
Let x(u) = 2*u**3 - 3*u**2 + u - 2. Let d(k) = -k**2 + 7*k + 2. Let t = 5 - -1. Let a be t*(-2)/(-3) + 3. Let y be d(a). Determine x(y).
4
Let a(m) = -2*m + 1. Let f be (-15)/6*120/50. What is a(f)?
13
Suppose -r + 2*l = -l, 0 = 5*r - 3*l. Let g = -16 + 19. Let k(o) = -2 - 3*o**3 + 5*o**3 - g*o**3 - 4 - o. Give k(r).
-6
Let n(c) = -5*c + 1. Let o(p) = 28*p - 1. Let h(b) = -5*n(b) - o(b). Suppose 2*y + 4*j = 10, -j - 2 = -2*y + 3. Calculate h(y).
-13
Let c = 7 - 6. Let h(r) = -10*r**2 + 2*r + 8*r**2 - 3*r. What is h(c)?
-3
Let q(o) be the second derivative of -o**5/20 - 11*o**4/12 - o**3/3 - 7*o**2 - 13*o + 1. Calculate q(-11).
8
Let b(q) be the second derivative of q**4/12 + 3*q**3 + 21*q**2/2 + q + 4. Calculate b(-17).
4
Let z(r) = -1 - 138*r - r**2 + 74*r + 61*r. Let k(d) = -d**3 - 4*d**2 - 4. Let c be k(-4). What is z(c)?
-5
Let k(s) = 97*s - 47*s + 6 - 49*s - 5*s**2 - s**3. Determine k(-6).
36
Let c(a) be the second derivative of a**3/2 - a**2/2 + 3*a. Let q be c(1). Let w(n) = 2*n - 1 - 23*n**q + 2*n**3 - 3*n**3 + 23*n**2. Give w(2).
-5
Let r(q) = 4*q**2 + 2*q - 2. Let m(u) = 3*u**2 + 3*u - 2. Let j(l) = 3*m(l) - 2*r(l). Let b(v) be the first derivative of j(v). What is b(-6)?
-7
Suppose -43*s + 6*s = 4*s. Let v(r) be the third derivative of s*r**4 - 1/120*r**6 + 0*r + 1/2*r**3 + 1/10*r**5 + r**2 + 0. Calculate v(6).
3
Suppose -2*t = t - 6. Suppose -j + 3 = -t*j. Let r(k) = -2*k + 2. Let o(q) = -q**3 - 3*q**2 + 8*q - 14. Let w(b) = -o(b) - 5*r(b). Calculate w(j).
-2
Let t(d) be the second derivative of 5/2*d**2 + 0 - 1/6*d**3 + d. Let w be 6/(-33) - 10/(-55). What is t(w)?
5
Let b(i) = i**3 - 10*i**2 + 16*i + 43. Let a be b(7). Let m(z) = z - 1. Let g be m(5). Let w = a - g. Let j(d) = -d + 5. What is j(w)?
1
Let g(a) = a**2 - 5*a - 6. Let b(l) = l**2 + 11*l - 17. Let p be b(-14). Let w = -30 + p. Let q be (-1)/(1/(25/w)). Calculate g(q).
-6
Let n(u) = 27*u + 2. Let a(o) = 3*o + 1. Let p(v) = 3*a(v) - n(v). Calculate p(1).
-17
Let z(w) = -5*w - 4. Suppose 63 = -x + 66, 0 = -4*v - 5*x + 39. Determine z(v).
-34
Suppose 0 = -4*m + 5*s + 18, 4*m - 3 - 7 = s. Let h(u) = -5*u**2 + 7*u - 5*u**2 + 7 + 5*u**m - u**3. Calculate h(-6).
1
Let p(y) = -y**3 + 9*y**2 + 10*y - 4. Let k = 61 + -51. What is p(k)?
-4
Let r(u) = u - 3. Let v(f) = -4*f + 8. Let n(o) = 7*r(o) + 2*v(o). Let m = 2 - 0. Let h be 0/m + -8 + 3. Calculate n(h).
0
Let i(h) = h**3 - 12*h**2 - 3*h + 11. Let j be i(12). Let x be 4/(56/(-6)) - j/(-7). Let t(y) = y + 2. Calculate t(x).
-2
Let q(s) = -s**2 + 5*s + 2. Let d(r) = 20*r + 384. Let u be d(-19). What is q(u)?
6
Suppose 4*n - 1 = -9. Let k(q) = 3*q - 9. Let l(z) = -z**2 - 9*z + 5. Let d be l(-9). Let m(s) = s - 4. Let x(i) = d*m(i) + n*k(i). Give x(2).
-4
Let v(y) = y**3 + 7*y**2 + 13*y + 17. Let s be v(-5). Let b(q) = -2*q. Give b(s).
-4
Let z = -63 - -61. Let s be 6*(z/7 - 77/(-98)). Let o(j) = 2*j**2 + 2 - 2*j**2 - 2*j**2. Give o(s).
-16
Let s(w) = 7*w**3 + w**2 + w + 1. Let r(x) = -6*x + x - x**2 - 3 + 2*x**2. Let l be r(6). Let f be l/6 + (-6)/4. Determine s(f).
-6
Suppose 0 = -9*j - 15*j - 48. Let g(o) = 2*o - 2. Calculate g(j).
-6
Let h = 47 - 51. Let l(q) = -11*q**3 + 5*q**2 - 4*q. Let f(i) = -10*i**3 + 4*i**2 - 3*i. Let v(n) = h*l(n) + 5*f(n). Determine v(1).
-5
Let v(p) = p**3 - 6*p**2 - 7*p + 6. Suppose -16*l = -15*l - 24. Let a be 5 + l/15 + 2/5. What is v(a)?
6
Let m(f) = -f**2 - 7*f + 1. Let q = 117 + -130. Let k = q + 8. Determine m(k).
11
Let n(l) = -2*l**2 - 17*l + 9. Let i be n(-9). Let c(q) be the third derivative of 1/60*q**5 - 4*q**2 + 0*q + 7/24*q**4 + q**3 + i. Give c(-4).
-6
Let h(k) = 4*k - 3. Let v be h(9). Suppose 5*c = 4*d - v + 1, -d - 5 = 2*c. Let o(s) = s**2 + 4*s - 2. What is o(c)?
-2
Let w(s) = 2*s**3 - 3*s - 87*s**2 - 3*s**3 + 174*s**2 - 80*s**2 - 8. Calculate w(7).
-29
Let k(s) = -2*s - 2. Let t(q) = 3*q + 2. Suppose 3*g = g + 4. Let c be t(g). Let x be c/(-12)*-3*1. Give k(x).
-6
Let c(i) be the second derivative of i**5/20 + i**4/2 - i**3/2 - 4*i**2 + 27*i. Give c(-6).
10
Let d = 500 - 501. Let h(p) = -p - 2. Determine h(d).
-1
Let c(x) = 15*x + 2. Let a(q) = -33*q - 6. Let b(j) = -2*a(j) - 5*c(j). What is b(-1)?
11
Suppose -9*m + 0 - 72 = 0. Let v(a) = -a - 8. Calculate v(m).
0
Let k(p) be the third derivative of -p**5/60 - p**4/3 + 4*p**3/3 + p**2. Let g be -2 + (-9 - 28/(-7)). Give k(g).
15
Let j(b) = -b**2 - 8*b - 6. Let k = -1 + 5. Suppose 0 = -4*i + x + 20, 4*x = -3*i + 2*x + k. Suppose 2*n - i*n + g - 8 = 0, -4*n = 3*g + 16. Give j(n).
10
Let n(f) = -3*f**2 + f + 2. Let z(h) = -6*h - 4. Let y be z(-1). Suppose -4*p = -y*q, 2*p + 2*p = 3*q - 2. Calculate n(q).
-8
Let y(u) be the first derivative of 3*u**3 - u - 2. Suppose -4*n + 21 = -5*r, 12*r + 8 = -3*n + 11*r. Calculate y(n).
8
Let g(o) = 0*o - 3*o + o - 1 + 3 - 2*o. Give g(-3).
14
Suppose -24 = 125*r - 113*r. Let h(w) = 5*w**2 + 3*w + 2. What is h(r)?
16
Let o(h) be the third derivative of -h**4/8 - 7*h**3/3 - 352*h**2. Calculate o(-6).
4
Let z(v) = 2*v**2 + 3*v - 1. Let r(h) = 6*h**2 + 10*h - 5. Let j(t) = -2*r(t) + 7*z(t). Calculate j(2).
13
Let c be (-1 + 1)*6/(-12). Suppose -3*o + r + 7 = 0, 4*o - r = -c*o + 9. Let v(n) be the third derivative of -n**4/6 + n**3/2 + n**2. Calculate v(o).
-5
Suppose -10*s = -13*s - 4*s. Let m(f) = f**2 + f - 2. Calculate m(s).
-2
Suppose -2*a - 11 = 3*t, 40*t - 37*t + 5 = -5*a. Let z(o) = 8*o. Calculate z(a).
16
Suppose -15 = -5*o, 5*p - 3*o + o = -66. Let i = p + 19. Let g(c) = 0*c**2 - 4*c**2 + i*c**2 - 2*c**2 - 4*c**3. Determine g(-1).
5
Let y be 210/40*2*2. Suppose 15*k - 8*k = -y. Let w(m) = m**3 + 5*m**2 + m - 4. What is w(k)?
11
Let k(a) = a**2 + a. Suppose -n = -w - 1 - 8, n + 5*w + 21 = 0. Let c be (-2)/(-4)*(n - 4). Calculate k(c).
0
Suppose -3*i - 7 = -4*o, 5*i = 5*o - 7 - 8. Suppose -4*p - 4*a + 22 = -2, 5*p + 2*a = 21. Let c(l) = -l**2 + l**3 + l - 3*l - l + 3*l**2 - p. Give c(o).
3
Let z(u) = 11*u - 5. Let d be (13 + -5 + -10)/((-2)/1). Give z(d).
6
Let o(u) = u**3 - 2*u**2 - u + 3. Suppose -s = s. Let p(w) = w - 8. Let d be p(s). Let a = d + 11. Determine o(a).
9
Let m(h) = h**3 - 4*h**2 - 15*h - 1. Let j(l) = 3*l**3 - 7*l**2 - 32*l. Let b(p) = -2*j(p) + 5*m(p). Determine b(-4).
7
Let q(d) = 4*d**3 - 6*d**2 + 5*d - 11. Let s(j) = j**3 + j. Let 